{"id":696,"date":"2022-04-26T07:59:19","date_gmt":"2022-04-26T13:59:19","guid":{"rendered":"https:\/\/gruposentsovi.com\/index.php\/repertoire\/"},"modified":"2023-04-26T16:00:42","modified_gmt":"2023-04-26T22:00:42","slug":"historiadesentsovi","status":"publish","type":"page","link":"https:\/\/gruposentsovi.com\/index.php\/historiadesentsovi\/","title":{"rendered":"Historia"},"content":{"rendered":"\n<div class=\"wp-block-uagb-container uagb-block-05196b10 alignfull uagb-is-root-container\"><div class=\"uagb-container-inner-blocks-wrap\">\n<div style=\"height:100px\" aria-hidden=\"true\" class=\"wp-block-spacer\"><\/div>\n\n\n\n<figure class=\"wp-block-image size-full is-resized\"><img loading=\"lazy\" decoding=\"async\" src=\"https:\/\/gruposentsovi.com\/wp-content\/uploads\/2023\/03\/quienes-somos-500-\u00d7-200-px-4-1.png\" alt=\"\" class=\"wp-image-2052\" width=\"711\" height=\"42\" srcset=\"https:\/\/gruposentsovi.com\/wp-content\/uploads\/2023\/03\/quienes-somos-500-\u00d7-200-px-4-1.png 1000w, https:\/\/gruposentsovi.com\/wp-content\/uploads\/2023\/03\/quienes-somos-500-\u00d7-200-px-4-1-600x36.png 600w, https:\/\/gruposentsovi.com\/wp-content\/uploads\/2023\/03\/quienes-somos-500-\u00d7-200-px-4-1-300x18.png 300w, https:\/\/gruposentsovi.com\/wp-content\/uploads\/2023\/03\/quienes-somos-500-\u00d7-200-px-4-1-768x46.png 768w\" sizes=\"auto, (max-width: 711px) 100vw, 711px\" \/><\/figure>\n\n\n\n<p class=\"fuente_gotham\">Quiz\u00e1s se preguntar\u00e1n de d\u00f3nde deriva el nombre de Grupo Sent Sov\u00ed.<\/p>\n\n\n\n<div class=\"wp-block-media-text alignwide has-media-on-the-right is-stacked-on-mobile\"><div class=\"wp-block-media-text__content\">\n<p class=\"fuente_gotham\"><strong><mark style=\"background-color:rgba(0, 0, 0, 0)\" class=\"has-inline-color has-ast-global-color-1-color\">Esta historia remonta a la \u00e9poca medieval,<\/mark><\/strong> m\u00e1s espec\u00edficamente, la pen\u00ednsula ib\u00e9rica del siglo XIV. Hispania (lo que hoy conocemos como Espa\u00f1a y Portugal) ha representado por milenios un punto geogr\u00e1fico estrat\u00e9gico, siendo \u00e9ste el paso obligado entre el oc\u00e9ano Atl\u00e1ntico y el mar Mediterr\u00e1neo, y la confluencia de dos continentes: Europa y \u00c1frica.<\/p>\n<\/div><figure class=\"wp-block-media-text__media\"><img loading=\"lazy\" decoding=\"async\" width=\"1024\" height=\"450\" src=\"https:\/\/gruposentsovi.com\/wp-content\/uploads\/2023\/03\/20-min-1-1024x450.png\" alt=\"\" class=\"wp-image-1987 size-full\" srcset=\"https:\/\/gruposentsovi.com\/wp-content\/uploads\/2023\/03\/20-min-1-1024x450.png 1024w, https:\/\/gruposentsovi.com\/wp-content\/uploads\/2023\/03\/20-min-1-600x264.png 600w, https:\/\/gruposentsovi.com\/wp-content\/uploads\/2023\/03\/20-min-1-300x132.png 300w, https:\/\/gruposentsovi.com\/wp-content\/uploads\/2023\/03\/20-min-1-768x337.png 768w, https:\/\/gruposentsovi.com\/wp-content\/uploads\/2023\/03\/20-min-1.png 1366w\" sizes=\"auto, (max-width: 1024px) 100vw, 1024px\" \/><\/figure><\/div>\n\n\n\n<div class=\"wp-block-media-text alignwide is-stacked-on-mobile\"><figure class=\"wp-block-media-text__media\"><img loading=\"lazy\" decoding=\"async\" width=\"1024\" height=\"450\" src=\"https:\/\/gruposentsovi.com\/wp-content\/uploads\/2023\/03\/23-min-2-1024x450.png\" alt=\"\" class=\"wp-image-1990 size-full\" srcset=\"https:\/\/gruposentsovi.com\/wp-content\/uploads\/2023\/03\/23-min-2-1024x450.png 1024w, https:\/\/gruposentsovi.com\/wp-content\/uploads\/2023\/03\/23-min-2-600x264.png 600w, https:\/\/gruposentsovi.com\/wp-content\/uploads\/2023\/03\/23-min-2-300x132.png 300w, https:\/\/gruposentsovi.com\/wp-content\/uploads\/2023\/03\/23-min-2-768x337.png 768w, https:\/\/gruposentsovi.com\/wp-content\/uploads\/2023\/03\/23-min-2.png 1366w\" sizes=\"auto, (max-width: 1024px) 100vw, 1024px\" \/><\/figure><div class=\"wp-block-media-text__content\">\n<p class=\"fuente_gotham\"><strong><mark style=\"background-color:rgba(0, 0, 0, 0)\" class=\"has-inline-color has-ast-global-color-1-color\">Por este motivo,<\/mark><\/strong> la pen\u00ednsula ib\u00e9rica fue siempre un \u00e1rea codiciada por las culturas m\u00e1s importantes de<strong> <\/strong>cada \u00e9poca. Tanto Fenicios como Romanos y \u00c1rabes hicieron de estas tierras su morada, trayendo consigo su cultura y costumbres.<\/p>\n<\/div><\/div>\n\n\n\n<div class=\"wp-block-media-text alignwide has-media-on-the-right is-stacked-on-mobile is-vertically-aligned-center\"><div class=\"wp-block-media-text__content\">\n<p class=\"fuente_gotham\"><strong><mark style=\"background-color:rgba(0, 0, 0, 0)\" class=\"has-inline-color has-ast-global-color-1-color\">Para el siglo XIV Hispania estaba dividida en cinco reinos, <\/mark><\/strong>siendo el m\u00e1s extendido geogr\u00e1ficamente el representado por la Corona de Arag\u00f3n. \u00c9sta logr\u00f3 extenderse a lo que hoy d\u00eda representan las regiones de Arag\u00f3n, Valencia, Catalu\u00f1a y Mallorca, en Espa\u00f1a; desde Lacio y Abruzzo en el centro de la bota italiana hasta el punto m\u00e1s septentrional, incluyendo Cerde\u00f1a y Sicilia; y hasta unos peque\u00f1os pero no despreciables asentamientos en Grecia, entre los que destacaba la propia Atenas.<\/p>\n<\/div><figure class=\"wp-block-media-text__media\"><img loading=\"lazy\" decoding=\"async\" width=\"1024\" height=\"450\" src=\"https:\/\/gruposentsovi.com\/wp-content\/uploads\/2023\/03\/21-min-1-1024x450.png\" alt=\"\" class=\"wp-image-1988 size-full\" srcset=\"https:\/\/gruposentsovi.com\/wp-content\/uploads\/2023\/03\/21-min-1-1024x450.png 1024w, https:\/\/gruposentsovi.com\/wp-content\/uploads\/2023\/03\/21-min-1-600x264.png 600w, https:\/\/gruposentsovi.com\/wp-content\/uploads\/2023\/03\/21-min-1-300x132.png 300w, https:\/\/gruposentsovi.com\/wp-content\/uploads\/2023\/03\/21-min-1-768x337.png 768w, https:\/\/gruposentsovi.com\/wp-content\/uploads\/2023\/03\/21-min-1.png 1366w\" sizes=\"auto, (max-width: 1024px) 100vw, 1024px\" \/><\/figure><\/div>\n\n\n\n<div class=\"wp-block-media-text alignwide is-stacked-on-mobile\"><figure class=\"wp-block-media-text__media\"><img loading=\"lazy\" decoding=\"async\" width=\"1024\" height=\"450\" src=\"https:\/\/gruposentsovi.com\/wp-content\/uploads\/2023\/03\/24-min-2-1024x450.png\" alt=\"\" class=\"wp-image-1991 size-full\" srcset=\"https:\/\/gruposentsovi.com\/wp-content\/uploads\/2023\/03\/24-min-2-1024x450.png 1024w, https:\/\/gruposentsovi.com\/wp-content\/uploads\/2023\/03\/24-min-2-600x264.png 600w, https:\/\/gruposentsovi.com\/wp-content\/uploads\/2023\/03\/24-min-2-300x132.png 300w, https:\/\/gruposentsovi.com\/wp-content\/uploads\/2023\/03\/24-min-2-768x337.png 768w, https:\/\/gruposentsovi.com\/wp-content\/uploads\/2023\/03\/24-min-2.png 1366w\" sizes=\"auto, (max-width: 1024px) 100vw, 1024px\" \/><\/figure><div class=\"wp-block-media-text__content\">\n<p class=\"fuente_gotham\"><strong><mark style=\"background-color:rgba(0, 0, 0, 0)\" class=\"has-inline-color has-ast-global-color-1-color\">Es en una de esas regiones precisamente,<\/mark><\/strong> en lo que se conoc\u00eda entonces como el Principado de Catalu\u00f1a, que en el a\u00f1o de 1324 aparece un libro de cocina, el <em>Llibre de Sent Sov\u00ed<\/em>, que incluye 220 recetas de platos t\u00edpicos de la regi\u00f3n y \u00e9poca. En este libro no s\u00f3lo se aprecia la influencia de las culturas antes mencionadas, sino que se convierte en un compendio de platillos que incorpora a todas las regiones de la Corona de Arag\u00f3n, o en t\u00e9rminos m\u00e1s simples, la cocina de la costa Mediterr\u00e1nea.<\/p>\n<\/div><\/div>\n\n\n\n<div class=\"wp-block-media-text alignwide has-media-on-the-right is-stacked-on-mobile\"><div class=\"wp-block-media-text__content\">\n<p class=\"fuente_gotham\"><strong><mark style=\"background-color:rgba(0, 0, 0, 0)\" class=\"has-inline-color has-ast-global-color-1-color\">El <em>Llibre de Sent Sov\u00ed<\/em> es,<\/mark><\/strong> pues, no solamente uno de los libros de cocina m\u00e1s antiguos del que se tiene conocimiento, sino que tambi\u00e9n es el primer ejemplar que abarca lo que anta\u00f1o era La Dieta Mediterr\u00e1nea.<\/p>\n<\/div><figure class=\"wp-block-media-text__media\"><img loading=\"lazy\" decoding=\"async\" width=\"1024\" height=\"450\" src=\"https:\/\/gruposentsovi.com\/wp-content\/uploads\/2023\/03\/25-min-2-1024x450.png\" alt=\"\" class=\"wp-image-1992 size-full\" srcset=\"https:\/\/gruposentsovi.com\/wp-content\/uploads\/2023\/03\/25-min-2-1024x450.png 1024w, https:\/\/gruposentsovi.com\/wp-content\/uploads\/2023\/03\/25-min-2-600x264.png 600w, https:\/\/gruposentsovi.com\/wp-content\/uploads\/2023\/03\/25-min-2-300x132.png 300w, https:\/\/gruposentsovi.com\/wp-content\/uploads\/2023\/03\/25-min-2-768x337.png 768w, https:\/\/gruposentsovi.com\/wp-content\/uploads\/2023\/03\/25-min-2.png 1366w\" sizes=\"auto, (max-width: 1024px) 100vw, 1024px\" \/><\/figure><\/div>\n\n\n\n<div style=\"height:2px\" aria-hidden=\"true\" class=\"wp-block-spacer\"><\/div>\n\n\n\n<p class=\"fuente_gotham\"><strong><mark style=\"background-color:rgba(0, 0, 0, 0)\" class=\"has-inline-color has-ast-global-color-1-color\">En nuestra b\u00fasqueda por lo aut\u00f3ctono y \u00fanico,<\/mark><\/strong> nos pareci\u00f3 apropiado rendirle honor a aquel autor an\u00f3nimo quien nos dej\u00f3 plasmada, hace 700 a\u00f1os, la esencia de una dieta simple pero abundante en sabor y variedad, con platos y bebidas que trascienden una regi\u00f3n o cultura. Es la riqueza y variedad lo que da al Llibre de Sent Sov\u00ed su car\u00e1cter \u00fanico y especial, y es lo que Grupo Sent Sov\u00ed<mark style=\"background-color:rgba(0, 0, 0, 0)\" class=\"has-inline-color has-ast-global-color-1-color\"> <\/mark>quiere darle la oportunidad de descubrir.<\/p>\n\n\n\n<div style=\"height:57px\" aria-hidden=\"true\" class=\"wp-block-spacer\"><\/div>\n<\/div><\/div>\n","protected":false},"excerpt":{"rendered":"<p>Quiz\u00e1s se preguntar\u00e1n de d\u00f3nde deriva el nombre de Grupo Sent Sov\u00ed. Esta historia remonta a la \u00e9poca medieval, m\u00e1s espec\u00edficamente, la pen\u00ednsula ib\u00e9rica del siglo XIV. Hispania (lo que hoy conocemos como Espa\u00f1a y Portugal) ha representado por milenios un punto geogr\u00e1fico estrat\u00e9gico, siendo \u00e9ste el paso obligado entre el oc\u00e9ano Atl\u00e1ntico y el [&hellip;]<\/p>\n","protected":false},"author":1,"featured_media":0,"parent":0,"menu_order":0,"comment_status":"closed","ping_status":"closed","template":"","meta":{"_uag_custom_page_level_css":"","site-sidebar-layout":"no-sidebar","site-content-layout":"plain-container","ast-site-content-layout":"default","site-content-style":"default","site-sidebar-style":"default","ast-global-header-display":"","ast-banner-title-visibility":"","ast-main-header-display":"","ast-hfb-above-header-display":"","ast-hfb-below-header-display":"","ast-hfb-mobile-header-display":"","site-post-title":"disabled","ast-breadcrumbs-content":"","ast-featured-img":"disabled","footer-sml-layout":"","ast-disable-related-posts":"","theme-transparent-header-meta":"enabled","adv-header-id-meta":"","stick-header-meta":"","header-above-stick-meta":"","header-main-stick-meta":"","header-below-stick-meta":"","astra-migrate-meta-layouts":"default","ast-page-background-enabled":"default","ast-page-background-meta":{"desktop":{"background-color":"","background-image":"","background-repeat":"repeat","background-position":"center center","background-size":"auto","background-attachment":"scroll","background-type":"","background-media":"","overlay-type":"","overlay-color":"","overlay-opacity":"","overlay-gradient":""},"tablet":{"background-color":"","background-image":"","background-repeat":"repeat","background-position":"center center","background-size":"auto","background-attachment":"scroll","background-type":"","background-media":"","overlay-type":"","overlay-color":"","overlay-opacity":"","overlay-gradient":""},"mobile":{"background-color":"","background-image":"","background-repeat":"repeat","background-position":"center center","background-size":"auto","background-attachment":"scroll","background-type":"","background-media":"","overlay-type":"","overlay-color":"","overlay-opacity":"","overlay-gradient":""}},"ast-content-background-meta":{"desktop":{"background-color":"var(--ast-global-color-5)","background-image":"","background-repeat":"repeat","background-position":"center center","background-size":"auto","background-attachment":"scroll","background-type":"","background-media":"","overlay-type":"","overlay-color":"","overlay-opacity":"","overlay-gradient":""},"tablet":{"background-color":"var(--ast-global-color-5)","background-image":"","background-repeat":"repeat","background-position":"center center","background-size":"auto","background-attachment":"scroll","background-type":"","background-media":"","overlay-type":"","overlay-color":"","overlay-opacity":"","overlay-gradient":""},"mobile":{"background-color":"var(--ast-global-color-5)","background-image":"","background-repeat":"repeat","background-position":"center center","background-size":"auto","background-attachment":"scroll","background-type":"","background-media":"","overlay-type":"","overlay-color":"","overlay-opacity":"","overlay-gradient":""}},"_themeisle_gutenberg_block_has_review":false,"footnotes":""},"class_list":["post-696","page","type-page","status-publish","hentry"],"uagb_featured_image_src":{"full":false,"thumbnail":false,"medium":false,"medium_large":false,"large":false,"1536x1536":false,"2048x2048":false,"mailpoet_newsletter_max":false,"woocommerce_thumbnail":false,"woocommerce_single":false,"woocommerce_gallery_thumbnail":false},"uagb_author_info":{"display_name":"noucamp13","author_link":"https:\/\/gruposentsovi.com\/index.php\/author\/noucamp13\/"},"uagb_comment_info":0,"uagb_excerpt":"Quiz\u00e1s se preguntar\u00e1n de d\u00f3nde deriva el nombre de Grupo Sent Sov\u00ed. Esta historia remonta a la \u00e9poca medieval, m\u00e1s espec\u00edficamente, la pen\u00ednsula ib\u00e9rica del siglo XIV. Hispania (lo que hoy conocemos como Espa\u00f1a y Portugal) ha representado por milenios un punto geogr\u00e1fico estrat\u00e9gico, siendo \u00e9ste el paso obligado entre el oc\u00e9ano Atl\u00e1ntico y el&hellip;","_links":{"self":[{"href":"https:\/\/gruposentsovi.com\/index.php\/wp-json\/wp\/v2\/pages\/696","targetHints":{"allow":["GET"]}}],"collection":[{"href":"https:\/\/gruposentsovi.com\/index.php\/wp-json\/wp\/v2\/pages"}],"about":[{"href":"https:\/\/gruposentsovi.com\/index.php\/wp-json\/wp\/v2\/types\/page"}],"author":[{"embeddable":true,"href":"https:\/\/gruposentsovi.com\/index.php\/wp-json\/wp\/v2\/users\/1"}],"replies":[{"embeddable":true,"href":"https:\/\/gruposentsovi.com\/index.php\/wp-json\/wp\/v2\/comments?post=696"}],"version-history":[{"count":40,"href":"https:\/\/gruposentsovi.com\/index.php\/wp-json\/wp\/v2\/pages\/696\/revisions"}],"predecessor-version":[{"id":2124,"href":"https:\/\/gruposentsovi.com\/index.php\/wp-json\/wp\/v2\/pages\/696\/revisions\/2124"}],"wp:attachment":[{"href":"https:\/\/gruposentsovi.com\/index.php\/wp-json\/wp\/v2\/media?parent=696"}],"curies":[{"name":"wp","href":"https:\/\/api.w.org\/{rel}","templated":true}]}}

<div class="wp-block-uagb-container uagb-block-05196b10 alignfull uagb-is-root-container"><div class="uagb-container-inner-blocks-wrap">
<div style="height:100px" aria-hidden="true" class="wp-block-spacer"></div>



<figure class="wp-block-image size-full is-resized"><img loading="lazy" decoding="async" src="https://gruposentsovi.com/wp-content/uploads/2023/03/quienes-somos-500-×-200-px-4-1.png" alt="" class="wp-image-2052" width="711" height="42" srcset="https://gruposentsovi.com/wp-content/uploads/2023/03/quienes-somos-500-×-200-px-4-1.png 1000w, https://gruposentsovi.com/wp-content/uploads/2023/03/quienes-somos-500-×-200-px-4-1-600x36.png 600w, https://gruposentsovi.com/wp-content/uploads/2023/03/quienes-somos-500-×-200-px-4-1-300x18.png 300w, https://gruposentsovi.com/wp-content/uploads/2023/03/quienes-somos-500-×-200-px-4-1-768x46.png 768w" sizes="auto, (max-width: 711px) 100vw, 711px" /></figure>



<p class="fuente_gotham">Quizás se preguntarán de dónde deriva el nombre de Grupo Sent Soví.</p>



<div class="wp-block-media-text alignwide has-media-on-the-right is-stacked-on-mobile"><div class="wp-block-media-text__content">
<p class="fuente_gotham"><strong><mark style="background-color:rgba(0, 0, 0, 0)" class="has-inline-color has-ast-global-color-1-color">Esta historia remonta a la época medieval,</mark></strong> más específicamente, la península ibérica del siglo XIV. Hispania (lo que hoy conocemos como España y Portugal) ha representado por milenios un punto geográfico estratégico, siendo éste el paso obligado entre el océano Atlántico y el mar Mediterráneo, y la confluencia de dos continentes: Europa y África.</p>
</div><figure class="wp-block-media-text__media"><img loading="lazy" decoding="async" width="1024" height="450" src="https://gruposentsovi.com/wp-content/uploads/2023/03/20-min-1-1024x450.png" alt="" class="wp-image-1987 size-full" srcset="https://gruposentsovi.com/wp-content/uploads/2023/03/20-min-1-1024x450.png 1024w, https://gruposentsovi.com/wp-content/uploads/2023/03/20-min-1-600x264.png 600w, https://gruposentsovi.com/wp-content/uploads/2023/03/20-min-1-300x132.png 300w, https://gruposentsovi.com/wp-content/uploads/2023/03/20-min-1-768x337.png 768w, https://gruposentsovi.com/wp-content/uploads/2023/03/20-min-1.png 1366w" sizes="auto, (max-width: 1024px) 100vw, 1024px" /></figure></div>



<div class="wp-block-media-text alignwide is-stacked-on-mobile"><figure class="wp-block-media-text__media"><img loading="lazy" decoding="async" width="1024" height="450" src="https://gruposentsovi.com/wp-content/uploads/2023/03/23-min-2-1024x450.png" alt="" class="wp-image-1990 size-full" srcset="https://gruposentsovi.com/wp-content/uploads/2023/03/23-min-2-1024x450.png 1024w, https://gruposentsovi.com/wp-content/uploads/2023/03/23-min-2-600x264.png 600w, https://gruposentsovi.com/wp-content/uploads/2023/03/23-min-2-300x132.png 300w, https://gruposentsovi.com/wp-content/uploads/2023/03/23-min-2-768x337.png 768w, https://gruposentsovi.com/wp-content/uploads/2023/03/23-min-2.png 1366w" sizes="auto, (max-width: 1024px) 100vw, 1024px" /></figure><div class="wp-block-media-text__content">
<p class="fuente_gotham"><strong><mark style="background-color:rgba(0, 0, 0, 0)" class="has-inline-color has-ast-global-color-1-color">Por este motivo,</mark></strong> la península ibérica fue siempre un área codiciada por las culturas más importantes de<strong> </strong>cada época. Tanto Fenicios como Romanos y Árabes hicieron de estas tierras su morada, trayendo consigo su cultura y costumbres.</p>
</div></div>



<div class="wp-block-media-text alignwide has-media-on-the-right is-stacked-on-mobile is-vertically-aligned-center"><div class="wp-block-media-text__content">
<p class="fuente_gotham"><strong><mark style="background-color:rgba(0, 0, 0, 0)" class="has-inline-color has-ast-global-color-1-color">Para el siglo XIV Hispania estaba dividida en cinco reinos, </mark></strong>siendo el más extendido geográficamente el representado por la Corona de Aragón. Ésta logró extenderse a lo que hoy día representan las regiones de Aragón, Valencia, Cataluña y Mallorca, en España; desde Lacio y Abruzzo en el centro de la bota italiana hasta el punto más septentrional, incluyendo Cerdeña y Sicilia; y hasta unos pequeños pero no despreciables asentamientos en Grecia, entre los que destacaba la propia Atenas.</p>
</div><figure class="wp-block-media-text__media"><img loading="lazy" decoding="async" width="1024" height="450" src="https://gruposentsovi.com/wp-content/uploads/2023/03/21-min-1-1024x450.png" alt="" class="wp-image-1988 size-full" srcset="https://gruposentsovi.com/wp-content/uploads/2023/03/21-min-1-1024x450.png 1024w, https://gruposentsovi.com/wp-content/uploads/2023/03/21-min-1-600x264.png 600w, https://gruposentsovi.com/wp-content/uploads/2023/03/21-min-1-300x132.png 300w, https://gruposentsovi.com/wp-content/uploads/2023/03/21-min-1-768x337.png 768w, https://gruposentsovi.com/wp-content/uploads/2023/03/21-min-1.png 1366w" sizes="auto, (max-width: 1024px) 100vw, 1024px" /></figure></div>



<div class="wp-block-media-text alignwide is-stacked-on-mobile"><figure class="wp-block-media-text__media"><img loading="lazy" decoding="async" width="1024" height="450" src="https://gruposentsovi.com/wp-content/uploads/2023/03/24-min-2-1024x450.png" alt="" class="wp-image-1991 size-full" srcset="https://gruposentsovi.com/wp-content/uploads/2023/03/24-min-2-1024x450.png 1024w, https://gruposentsovi.com/wp-content/uploads/2023/03/24-min-2-600x264.png 600w, https://gruposentsovi.com/wp-content/uploads/2023/03/24-min-2-300x132.png 300w, https://gruposentsovi.com/wp-content/uploads/2023/03/24-min-2-768x337.png 768w, https://gruposentsovi.com/wp-content/uploads/2023/03/24-min-2.png 1366w" sizes="auto, (max-width: 1024px) 100vw, 1024px" /></figure><div class="wp-block-media-text__content">
<p class="fuente_gotham"><strong><mark style="background-color:rgba(0, 0, 0, 0)" class="has-inline-color has-ast-global-color-1-color">Es en una de esas regiones precisamente,</mark></strong> en lo que se conocía entonces como el Principado de Cataluña, que en el año de 1324 aparece un libro de cocina, el <em>Llibre de Sent Soví</em>, que incluye 220 recetas de platos típicos de la región y época. En este libro no sólo se aprecia la influencia de las culturas antes mencionadas, sino que se convierte en un compendio de platillos que incorpora a todas las regiones de la Corona de Aragón, o en términos más simples, la cocina de la costa Mediterránea.</p>
</div></div>



<div class="wp-block-media-text alignwide has-media-on-the-right is-stacked-on-mobile"><div class="wp-block-media-text__content">
<p class="fuente_gotham"><strong><mark style="background-color:rgba(0, 0, 0, 0)" class="has-inline-color has-ast-global-color-1-color">El <em>Llibre de Sent Soví</em> es,</mark></strong> pues, no solamente uno de los libros de cocina más antiguos del que se tiene conocimiento, sino que también es el primer ejemplar que abarca lo que antaño era La Dieta Mediterránea.</p>
</div><figure class="wp-block-media-text__media"><img loading="lazy" decoding="async" width="1024" height="450" src="https://gruposentsovi.com/wp-content/uploads/2023/03/25-min-2-1024x450.png" alt="" class="wp-image-1992 size-full" srcset="https://gruposentsovi.com/wp-content/uploads/2023/03/25-min-2-1024x450.png 1024w, https://gruposentsovi.com/wp-content/uploads/2023/03/25-min-2-600x264.png 600w, https://gruposentsovi.com/wp-content/uploads/2023/03/25-min-2-300x132.png 300w, https://gruposentsovi.com/wp-content/uploads/2023/03/25-min-2-768x337.png 768w, https://gruposentsovi.com/wp-content/uploads/2023/03/25-min-2.png 1366w" sizes="auto, (max-width: 1024px) 100vw, 1024px" /></figure></div>



<div style="height:2px" aria-hidden="true" class="wp-block-spacer"></div>



<p class="fuente_gotham"><strong><mark style="background-color:rgba(0, 0, 0, 0)" class="has-inline-color has-ast-global-color-1-color">En nuestra búsqueda por lo autóctono y único,</mark></strong> nos pareció apropiado rendirle honor a aquel autor anónimo quien nos dejó plasmada, hace 700 años, la esencia de una dieta simple pero abundante en sabor y variedad, con platos y bebidas que trascienden una región o cultura. Es la riqueza y variedad lo que da al Llibre de Sent Soví su carácter único y especial, y es lo que Grupo Sent Soví<mark style="background-color:rgba(0, 0, 0, 0)" class="has-inline-color has-ast-global-color-1-color"> </mark>quiere darle la oportunidad de descubrir.</p>



<div style="height:57px" aria-hidden="true" class="wp-block-spacer"></div>
</div></div>

<p>Quizás se preguntarán de dónde deriva el nombre de Grupo Sent Soví. Esta historia remonta a la época medieval, más específicamente, la península ibérica del siglo XIV. Hispania (lo que hoy conocemos como España y Portugal) ha representado por milenios un punto geográfico estratégico, siendo éste el paso obligado entre el océano Atlántico y el [&hellip;]</p>

Quizás se preguntarán de dónde deriva el nombre de Grupo Sent Soví. Esta historia remonta a la época medieval, más específicamente, la península ibérica del siglo XIV. Hispania (lo que hoy conocemos como España y Portugal) ha representado por milenios un punto geográfico estratégico, siendo éste el paso obligado entre el océano Atlántico y el&hellip;
