{"id":2254,"date":"2023-11-17T17:20:36","date_gmt":"2023-11-17T23:20:36","guid":{"rendered":"https:\/\/gruposentsovi.com\/?post_type=product&#038;p=2254"},"modified":"2024-03-09T17:32:56","modified_gmt":"2024-03-09T23:32:56","slug":"pasion-de-bobal","status":"publish","type":"product","link":"https:\/\/gruposentsovi.com\/index.php\/producto\/pasion-de-bobal\/","title":{"rendered":"Pasi\u00f3n de Bobal"},"content":{"rendered":"","protected":false},"excerpt":{"rendered":"<h5 style=\"text-align: left;\">Sierra Norte<\/h5>\n<hr \/>\n<p><strong>Presentaci\u00f3n:<\/strong> 750ml.<\/p>\n<p><strong>Variedades:<\/strong> Bobal.<\/p>\n<p><strong>Alcohol:<\/strong> 14,0%.<\/p>\n<p><strong>Denominaci\u00f3n:<\/strong> DOP Utiel-Requena.<\/p>\n<p><strong>A\u00f1ejamiento:<\/strong> 6 meses en barrica de roble franc\u00e9s.<\/p>\n<p><strong>Lo m\u00e1s destacado:<\/strong> Un vino galardonado. Elaborado con uvas de vi\u00f1edos de m\u00e1s de 60 a\u00f1os.<\/p>\n<p><strong>Maridaje:<\/strong> Ideal para acompa\u00f1ar carnes rojas, caza y pato, as\u00ed como quesos fuertes, pat\u00e9s y arroces o pastas con salsas rojas.<\/p>\n<p><strong>Para beber:<\/strong> Servir entre 16-18\u00b0C.<\/p>\n","protected":false},"featured_media":2433,"template":"","meta":{"_uag_custom_page_level_css":"","site-sidebar-layout":"default","site-content-layout":"default","ast-site-content-layout":"default","site-content-style":"default","site-sidebar-style":"default","ast-global-header-display":"","ast-banner-title-visibility":"","ast-main-header-display":"","ast-hfb-above-header-display":"","ast-hfb-below-header-display":"","ast-hfb-mobile-header-display":"","site-post-title":"","ast-breadcrumbs-content":"","ast-featured-img":"","footer-sml-layout":"","ast-disable-related-posts":"","theme-transparent-header-meta":"default","adv-header-id-meta":"","stick-header-meta":"","header-above-stick-meta":"","header-main-stick-meta":"","header-below-stick-meta":"","astra-migrate-meta-layouts":"default","ast-page-background-enabled":"default","ast-page-background-meta":{"desktop":{"background-color":"","background-image":"","background-repeat":"repeat","background-position":"center center","background-size":"auto","background-attachment":"scroll","background-type":"","background-media":"","overlay-type":"","overlay-color":"","overlay-opacity":"","overlay-gradient":""},"tablet":{"background-color":"","background-image":"","background-repeat":"repeat","background-position":"center center","background-size":"auto","background-attachment":"scroll","background-type":"","background-media":"","overlay-type":"","overlay-color":"","overlay-opacity":"","overlay-gradient":""},"mobile":{"background-color":"","background-image":"","background-repeat":"repeat","background-position":"center center","background-size":"auto","background-attachment":"scroll","background-type":"","background-media":"","overlay-type":"","overlay-color":"","overlay-opacity":"","overlay-gradient":""}},"ast-content-background-meta":{"desktop":{"background-color":"var(--ast-global-color-5)","background-image":"","background-repeat":"repeat","background-position":"center center","background-size":"auto","background-attachment":"scroll","background-type":"","background-media":"","overlay-type":"","overlay-color":"","overlay-opacity":"","overlay-gradient":""},"tablet":{"background-color":"var(--ast-global-color-5)","background-image":"","background-repeat":"repeat","background-position":"center center","background-size":"auto","background-attachment":"scroll","background-type":"","background-media":"","overlay-type":"","overlay-color":"","overlay-opacity":"","overlay-gradient":""},"mobile":{"background-color":"var(--ast-global-color-5)","background-image":"","background-repeat":"repeat","background-position":"center center","background-size":"auto","background-attachment":"scroll","background-type":"","background-media":"","overlay-type":"","overlay-color":"","overlay-opacity":"","overlay-gradient":""}},"_themeisle_gutenberg_block_has_review":false},"product_brand":[],"product_cat":[42,35,32],"product_tag":[],"class_list":{"0":"post-2254","1":"product","2":"type-product","3":"status-publish","4":"has-post-thumbnail","6":"product_cat-sierra-norte","7":"product_cat-vinos-espanoles","8":"product_cat-vinos-tintos","9":"desktop-align-left","10":"tablet-align-left","11":"mobile-align-left","13":"first","14":"instock","15":"shipping-taxable","16":"product-type-simple"},"uagb_featured_image_src":{"full":["https:\/\/gruposentsovi.com\/wp-content\/uploads\/2023\/11\/3-min.png",1080,1080,false],"thumbnail":["https:\/\/gruposentsovi.com\/wp-content\/uploads\/2023\/11\/3-min-150x150.png",150,150,true],"medium":["https:\/\/gruposentsovi.com\/wp-content\/uploads\/2023\/11\/3-min-300x300.png",300,300,true],"medium_large":["https:\/\/gruposentsovi.com\/wp-content\/uploads\/2023\/11\/3-min-768x768.png",768,768,true],"large":["https:\/\/gruposentsovi.com\/wp-content\/uploads\/2023\/11\/3-min-1024x1024.png",1024,1024,true],"1536x1536":["https:\/\/gruposentsovi.com\/wp-content\/uploads\/2023\/11\/3-min.png",1080,1080,false],"2048x2048":["https:\/\/gruposentsovi.com\/wp-content\/uploads\/2023\/11\/3-min.png",1080,1080,false],"mailpoet_newsletter_max":["https:\/\/gruposentsovi.com\/wp-content\/uploads\/2023\/11\/3-min.png",1080,1080,false],"woocommerce_thumbnail":["https:\/\/gruposentsovi.com\/wp-content\/uploads\/2023\/11\/3-min-200x200.png",200,200,true],"woocommerce_single":["https:\/\/gruposentsovi.com\/wp-content\/uploads\/2023\/11\/3-min-600x600.png",600,600,true],"woocommerce_gallery_thumbnail":["https:\/\/gruposentsovi.com\/wp-content\/uploads\/2023\/11\/3-min-100x100.png",100,100,true]},"uagb_author_info":{"display_name":"noucamp13","author_link":"https:\/\/gruposentsovi.com\/index.php\/author\/"},"uagb_comment_info":0,"uagb_excerpt":"Sierra Norte Presentaci\u00f3n: 750ml. Variedades: Bobal. Alcohol: 14,0%. Denominaci\u00f3n: DOP Utiel-Requena. A\u00f1ejamiento: 6 meses en barrica de roble franc\u00e9s. Lo m\u00e1s destacado: Un vino galardonado. Elaborado con uvas de vi\u00f1edos de m\u00e1s de 60 a\u00f1os. Maridaje: Ideal para acompa\u00f1ar carnes rojas, caza y pato, as\u00ed como quesos fuertes, pat\u00e9s y arroces o pastas con salsas&hellip;","_links":{"self":[{"href":"https:\/\/gruposentsovi.com\/index.php\/wp-json\/wp\/v2\/product\/2254","targetHints":{"allow":["GET"]}}],"collection":[{"href":"https:\/\/gruposentsovi.com\/index.php\/wp-json\/wp\/v2\/product"}],"about":[{"href":"https:\/\/gruposentsovi.com\/index.php\/wp-json\/wp\/v2\/types\/product"}],"wp:featuredmedia":[{"embeddable":true,"href":"https:\/\/gruposentsovi.com\/index.php\/wp-json\/wp\/v2\/media\/2433"}],"wp:attachment":[{"href":"https:\/\/gruposentsovi.com\/index.php\/wp-json\/wp\/v2\/media?parent=2254"}],"wp:term":[{"taxonomy":"product_brand","embeddable":true,"href":"https:\/\/gruposentsovi.com\/index.php\/wp-json\/wp\/v2\/product_brand?post=2254"},{"taxonomy":"product_cat","embeddable":true,"href":"https:\/\/gruposentsovi.com\/index.php\/wp-json\/wp\/v2\/product_cat?post=2254"},{"taxonomy":"product_tag","embeddable":true,"href":"https:\/\/gruposentsovi.com\/index.php\/wp-json\/wp\/v2\/product_tag?post=2254"}],"curies":[{"name":"wp","href":"https:\/\/api.w.org\/{rel}","templated":true}]}}

Pasión de Bobal

<h5 style="text-align: left;">Sierra Norte</h5>
<hr />
<p><strong>Presentación:</strong> 750ml.</p>
<p><strong>Variedades:</strong> Bobal.</p>
<p><strong>Alcohol:</strong> 14,0%.</p>
<p><strong>Denominación:</strong> DOP Utiel-Requena.</p>
<p><strong>Añejamiento:</strong> 6 meses en barrica de roble francés.</p>
<p><strong>Lo más destacado:</strong> Un vino galardonado. Elaborado con uvas de viñedos de más de 60 años.</p>
<p><strong>Maridaje:</strong> Ideal para acompañar carnes rojas, caza y pato, así como quesos fuertes, patés y arroces o pastas con salsas rojas.</p>
<p><strong>Para beber:</strong> Servir entre 16-18°C.</p>

Sierra Norte Presentación: 750ml. Variedades: Bobal. Alcohol: 14,0%. Denominación: DOP Utiel-Requena. Añejamiento: 6 meses en barrica de roble francés. Lo más destacado: Un vino galardonado. Elaborado con uvas de viñedos de más de 60 años. Maridaje: Ideal para acompañar carnes rojas, caza y pato, así como quesos fuertes, patés y arroces o pastas con salsas&hellip;
