{"id":2492,"date":"2024-03-09T18:24:43","date_gmt":"2024-03-10T00:24:43","guid":{"rendered":"https:\/\/gruposentsovi.com\/?post_type=product&#038;p=2492"},"modified":"2025-10-03T12:10:06","modified_gmt":"2025-10-03T18:10:06","slug":"vinoteca-revelation","status":"publish","type":"product","link":"https:\/\/gruposentsovi.com\/index.php\/producto\/vinoteca-revelation\/","title":{"rendered":"Vinera Revelation"},"content":{"rendered":"<p data-start=\"236\" data-end=\"326\"><strong data-start=\"236\" data-end=\"324\">EuroCave Revelation: elegancia y precisi\u00f3n para la conservaci\u00f3n de sus vinos en Costa Rica<\/strong><\/p>\n<p data-start=\"328\" data-end=\"683\">La <strong data-start=\"331\" data-end=\"361\">vinera EuroCave Revelation<\/strong> est\u00e1 dise\u00f1ada para quienes buscan combinar <strong data-start=\"405\" data-end=\"451\">prestigio, comodidad y tecnolog\u00eda avanzada<\/strong> en la conservaci\u00f3n de vinos. Fabricada en Francia, esta cava ofrece un <strong data-start=\"523\" data-end=\"568\">control perfecto de temperatura y humedad<\/strong>, replicando las condiciones de una bodega natural y garantizando que cada botella evolucione en su punto \u00f3ptimo.<\/p>\n<p data-start=\"685\" data-end=\"1069\">Su distintivo est\u00e1 en los <strong data-start=\"711\" data-end=\"754\">cajones deslizables \u201cMain du Sommelier\u201d<\/strong>, que protegen cada botella de vibraciones y facilitan un acceso ergon\u00f3mico y elegante. Adem\u00e1s, cuenta con <strong data-start=\"861\" data-end=\"892\">iluminaci\u00f3n LED de ambiente<\/strong>, filtros de aire de carb\u00f3n activo y puertas con protecci\u00f3n contra rayos UV, convirti\u00e9ndola en una pieza que realza cualquier espacio residencial o gastron\u00f3mico en Costa Rica.<\/p>\n","protected":false},"excerpt":{"rendered":"<p class=\"p1\"><strong>Tama\u00f1os:<\/strong> <span class=\"s1\">S y L.<\/span><\/p>\n<p class=\"p2\"><strong><span class=\"s2\">Uso: <\/span><\/strong>Maduraci\u00f3n \/ servicio.<\/p>\n<p class=\"p2\"><strong><span class=\"s2\">Tipo: <\/span><\/strong>Temperatura \u00fanica.<\/p>\n<p class=\"p2\"><strong><span class=\"s2\">Capacidad: <\/span><\/strong>74-234 botellas.<\/p>\n<p class=\"p1\"><strong>Aspectos generales:<\/strong><\/p>\n<p class=\"p2\">El modelo Revelation le ofrece el mayor control posible para la maduraci\u00f3n de sus vinos, con una perfecta y uniforme distribuci\u00f3n de la temperatura. Adem\u00e1s, cuenta con la mejor opci\u00f3n posible de puerta, iluminaci\u00f3n y bandejas para una experiencia inigualable.<\/p>\n<p class=\"p2\">La Revelation no s\u00f3lo preserva sus vinos, sino que se convierte tambi\u00e9n en un elemento decorativo de su hogar.<\/p>\n<p class=\"p3\">Cuenta con 5 a\u00f1os de garant\u00eda de f\u00e1brica.<\/p>\n","protected":false},"featured_media":2522,"template":"","meta":{"_uag_custom_page_level_css":"","site-sidebar-layout":"default","site-content-layout":"default","ast-site-content-layout":"default","site-content-style":"default","site-sidebar-style":"default","ast-global-header-display":"","ast-banner-title-visibility":"","ast-main-header-display":"","ast-hfb-above-header-display":"","ast-hfb-below-header-display":"","ast-hfb-mobile-header-display":"","site-post-title":"","ast-breadcrumbs-content":"","ast-featured-img":"","footer-sml-layout":"","ast-disable-related-posts":"","theme-transparent-header-meta":"default","adv-header-id-meta":"","stick-header-meta":"","header-above-stick-meta":"","header-main-stick-meta":"","header-below-stick-meta":"","astra-migrate-meta-layouts":"set","ast-page-background-enabled":"default","ast-page-background-meta":{"desktop":{"background-color":"","background-image":"","background-repeat":"repeat","background-position":"center center","background-size":"auto","background-attachment":"scroll","background-type":"","background-media":"","overlay-type":"","overlay-color":"","overlay-opacity":"","overlay-gradient":""},"tablet":{"background-color":"","background-image":"","background-repeat":"repeat","background-position":"center center","background-size":"auto","background-attachment":"scroll","background-type":"","background-media":"","overlay-type":"","overlay-color":"","overlay-opacity":"","overlay-gradient":""},"mobile":{"background-color":"","background-image":"","background-repeat":"repeat","background-position":"center center","background-size":"auto","background-attachment":"scroll","background-type":"","background-media":"","overlay-type":"","overlay-color":"","overlay-opacity":"","overlay-gradient":""}},"ast-content-background-meta":{"desktop":{"background-color":"var(--ast-global-color-5)","background-image":"","background-repeat":"repeat","background-position":"center center","background-size":"auto","background-attachment":"scroll","background-type":"","background-media":"","overlay-type":"","overlay-color":"","overlay-opacity":"","overlay-gradient":""},"tablet":{"background-color":"var(--ast-global-color-5)","background-image":"","background-repeat":"repeat","background-position":"center center","background-size":"auto","background-attachment":"scroll","background-type":"","background-media":"","overlay-type":"","overlay-color":"","overlay-opacity":"","overlay-gradient":""},"mobile":{"background-color":"var(--ast-global-color-5)","background-image":"","background-repeat":"repeat","background-position":"center center","background-size":"auto","background-attachment":"scroll","background-type":"","background-media":"","overlay-type":"","overlay-color":"","overlay-opacity":"","overlay-gradient":""}},"_themeisle_gutenberg_block_has_review":false},"product_brand":[],"product_cat":[40,44,52],"product_tag":[],"class_list":{"0":"post-2492","1":"product","2":"type-product","3":"status-publish","4":"has-post-thumbnail","6":"product_cat-eurocave","7":"product_cat-vinotecas","8":"product_cat-vinotecas-para-estancias","9":"desktop-align-left","10":"tablet-align-left","11":"mobile-align-left","13":"first","14":"instock","15":"shipping-taxable","16":"product-type-simple"},"uagb_featured_image_src":{"full":["https:\/\/gruposentsovi.com\/wp-content\/uploads\/2024\/03\/49-min.png",1080,1080,false],"thumbnail":["https:\/\/gruposentsovi.com\/wp-content\/uploads\/2024\/03\/49-min-150x150.png",150,150,true],"medium":["https:\/\/gruposentsovi.com\/wp-content\/uploads\/2024\/03\/49-min-300x300.png",300,300,true],"medium_large":["https:\/\/gruposentsovi.com\/wp-content\/uploads\/2024\/03\/49-min-768x768.png",768,768,true],"large":["https:\/\/gruposentsovi.com\/wp-content\/uploads\/2024\/03\/49-min-1024x1024.png",1024,1024,true],"1536x1536":["https:\/\/gruposentsovi.com\/wp-content\/uploads\/2024\/03\/49-min.png",1080,1080,false],"2048x2048":["https:\/\/gruposentsovi.com\/wp-content\/uploads\/2024\/03\/49-min.png",1080,1080,false],"mailpoet_newsletter_max":["https:\/\/gruposentsovi.com\/wp-content\/uploads\/2024\/03\/49-min.png",1080,1080,false],"woocommerce_thumbnail":["https:\/\/gruposentsovi.com\/wp-content\/uploads\/2024\/03\/49-min-200x200.png",200,200,true],"woocommerce_single":["https:\/\/gruposentsovi.com\/wp-content\/uploads\/2024\/03\/49-min-600x600.png",600,600,true],"woocommerce_gallery_thumbnail":["https:\/\/gruposentsovi.com\/wp-content\/uploads\/2024\/03\/49-min-100x100.png",100,100,true]},"uagb_author_info":{"display_name":"noucamp13","author_link":"https:\/\/gruposentsovi.com\/index.php\/author\/"},"uagb_comment_info":0,"uagb_excerpt":"Tama\u00f1os: S y L. Uso: Maduraci\u00f3n \/ servicio. Tipo: Temperatura \u00fanica. Capacidad: 74-234 botellas. Aspectos generales: El modelo Revelation le ofrece el mayor control posible para la maduraci\u00f3n de sus vinos, con una perfecta y uniforme distribuci\u00f3n de la temperatura. Adem\u00e1s, cuenta con la mejor opci\u00f3n posible de puerta, iluminaci\u00f3n y bandejas para una experiencia&hellip;","_links":{"self":[{"href":"https:\/\/gruposentsovi.com\/index.php\/wp-json\/wp\/v2\/product\/2492","targetHints":{"allow":["GET"]}}],"collection":[{"href":"https:\/\/gruposentsovi.com\/index.php\/wp-json\/wp\/v2\/product"}],"about":[{"href":"https:\/\/gruposentsovi.com\/index.php\/wp-json\/wp\/v2\/types\/product"}],"wp:featuredmedia":[{"embeddable":true,"href":"https:\/\/gruposentsovi.com\/index.php\/wp-json\/wp\/v2\/media\/2522"}],"wp:attachment":[{"href":"https:\/\/gruposentsovi.com\/index.php\/wp-json\/wp\/v2\/media?parent=2492"}],"wp:term":[{"taxonomy":"product_brand","embeddable":true,"href":"https:\/\/gruposentsovi.com\/index.php\/wp-json\/wp\/v2\/product_brand?post=2492"},{"taxonomy":"product_cat","embeddable":true,"href":"https:\/\/gruposentsovi.com\/index.php\/wp-json\/wp\/v2\/product_cat?post=2492"},{"taxonomy":"product_tag","embeddable":true,"href":"https:\/\/gruposentsovi.com\/index.php\/wp-json\/wp\/v2\/product_tag?post=2492"}],"curies":[{"name":"wp","href":"https:\/\/api.w.org\/{rel}","templated":true}]}}