{"id":2568,"date":"2024-03-24T17:51:23","date_gmt":"2024-03-24T23:51:23","guid":{"rendered":"https:\/\/gruposentsovi.com\/?post_type=product&#038;p=2568"},"modified":"2025-10-03T12:13:42","modified_gmt":"2025-10-03T18:13:42","slug":"modulo-x","status":"publish","type":"product","link":"https:\/\/gruposentsovi.com\/index.php\/producto\/modulo-x\/","title":{"rendered":"Modulo-X"},"content":{"rendered":"<p data-start=\"183\" data-end=\"263\"><strong data-start=\"183\" data-end=\"261\">EuroCave Modulo-X: la bodega modular de dise\u00f1o contempor\u00e1neo en Costa Rica<\/strong><\/p>\n<p data-start=\"265\" data-end=\"631\">La <strong data-start=\"268\" data-end=\"289\">EuroCave Modulo-X<\/strong> es un sistema de almacenamiento de vinos \u00fanico en el mundo, creado para quienes desean una <strong data-start=\"381\" data-end=\"436\">bodega moderna, modular y totalmente personalizable<\/strong>. Dise\u00f1ada en Francia con materiales de alta calidad, combina <strong data-start=\"498\" data-end=\"551\">estilo arquitect\u00f3nico, resistencia y flexibilidad<\/strong>, permitiendo crear composiciones a medida que se adaptan a cualquier espacio.<\/p>\n<p data-start=\"633\" data-end=\"971\">Su dise\u00f1o innovador con <strong data-start=\"657\" data-end=\"696\">m\u00f3dulos de acero y acabados premium<\/strong> ofrece una est\u00e9tica contempor\u00e1nea que realza hogares, restaurantes y hoteles en Costa Rica. Adem\u00e1s, la estructura ergon\u00f3mica garantiza una <strong data-start=\"836\" data-end=\"871\">conservaci\u00f3n segura y accesible<\/strong>de cada botella, convirtiendo la gesti\u00f3n de su colecci\u00f3n en una experiencia elegante y funcional.<\/p>\n","protected":false},"excerpt":{"rendered":"<p class=\"p1\"><strong><span class=\"s1\">Tama\u00f1os: <\/span><\/strong>M\u00f3dulos de 1.15 a 3.40 metros de alto y de 440 mm y 750 mm de ancho.<\/p>\n<p class=\"p1\"><strong><span class=\"s1\">Uso: <\/span><\/strong>Almacenamiento.<\/p>\n<p class=\"p1\"><strong><span class=\"s1\">Tipo: <\/span><\/strong>Racks de aluminio anodizado.<\/p>\n<p class=\"p2\"><strong>Capacidad:<\/strong> <span class=\"s2\">Ilimitada.<\/span><\/p>\n<p class=\"p2\"><strong>Aspectos generales:<\/strong><\/p>\n<p class=\"p1\">Para los entusiastas que coleccionan vinos, lo ideal es tener una biblioteca de vinos, como la que tienen en los mejores restaurantes. Modulo-X es totalmente personalizable en cuanto a almacenamiento y dise\u00f1o. La iluminaci\u00f3n trasera se ajusta a lo largo de toda la altura de la instalaci\u00f3n y con una presentaci\u00f3n de botellas ingeniosamente dise\u00f1ada, Modulo-X est\u00e1 dise\u00f1ado para mostrar eficazmente su colecci\u00f3n de vinos.<\/p>\n","protected":false},"featured_media":2573,"template":"","meta":{"_uag_custom_page_level_css":"","site-sidebar-layout":"default","site-content-layout":"default","ast-site-content-layout":"default","site-content-style":"default","site-sidebar-style":"default","ast-global-header-display":"","ast-banner-title-visibility":"","ast-main-header-display":"","ast-hfb-above-header-display":"","ast-hfb-below-header-display":"","ast-hfb-mobile-header-display":"","site-post-title":"","ast-breadcrumbs-content":"","ast-featured-img":"","footer-sml-layout":"","ast-disable-related-posts":"","theme-transparent-header-meta":"default","adv-header-id-meta":"","stick-header-meta":"","header-above-stick-meta":"","header-main-stick-meta":"","header-below-stick-meta":"","astra-migrate-meta-layouts":"set","ast-page-background-enabled":"default","ast-page-background-meta":{"desktop":{"background-color":"","background-image":"","background-repeat":"repeat","background-position":"center center","background-size":"auto","background-attachment":"scroll","background-type":"","background-media":"","overlay-type":"","overlay-color":"","overlay-opacity":"","overlay-gradient":""},"tablet":{"background-color":"","background-image":"","background-repeat":"repeat","background-position":"center center","background-size":"auto","background-attachment":"scroll","background-type":"","background-media":"","overlay-type":"","overlay-color":"","overlay-opacity":"","overlay-gradient":""},"mobile":{"background-color":"","background-image":"","background-repeat":"repeat","background-position":"center center","background-size":"auto","background-attachment":"scroll","background-type":"","background-media":"","overlay-type":"","overlay-color":"","overlay-opacity":"","overlay-gradient":""}},"ast-content-background-meta":{"desktop":{"background-color":"var(--ast-global-color-5)","background-image":"","background-repeat":"repeat","background-position":"center center","background-size":"auto","background-attachment":"scroll","background-type":"","background-media":"","overlay-type":"","overlay-color":"","overlay-opacity":"","overlay-gradient":""},"tablet":{"background-color":"var(--ast-global-color-5)","background-image":"","background-repeat":"repeat","background-position":"center center","background-size":"auto","background-attachment":"scroll","background-type":"","background-media":"","overlay-type":"","overlay-color":"","overlay-opacity":"","overlay-gradient":""},"mobile":{"background-color":"var(--ast-global-color-5)","background-image":"","background-repeat":"repeat","background-position":"center center","background-size":"auto","background-attachment":"scroll","background-type":"","background-media":"","overlay-type":"","overlay-color":"","overlay-opacity":"","overlay-gradient":""}},"_themeisle_gutenberg_block_has_review":false},"product_brand":[],"product_cat":[40,44,54],"product_tag":[],"class_list":{"0":"post-2568","1":"product","2":"type-product","3":"status-publish","4":"has-post-thumbnail","6":"product_cat-eurocave","7":"product_cat-vinotecas","8":"product_cat-vinotecas-a-la-medida","9":"desktop-align-left","10":"tablet-align-left","11":"mobile-align-left","13":"first","14":"instock","15":"shipping-taxable","16":"product-type-simple"},"uagb_featured_image_src":{"full":["https:\/\/gruposentsovi.com\/wp-content\/uploads\/2024\/03\/64-min.png",1080,1080,false],"thumbnail":["https:\/\/gruposentsovi.com\/wp-content\/uploads\/2024\/03\/64-min-150x150.png",150,150,true],"medium":["https:\/\/gruposentsovi.com\/wp-content\/uploads\/2024\/03\/64-min-300x300.png",300,300,true],"medium_large":["https:\/\/gruposentsovi.com\/wp-content\/uploads\/2024\/03\/64-min-768x768.png",768,768,true],"large":["https:\/\/gruposentsovi.com\/wp-content\/uploads\/2024\/03\/64-min-1024x1024.png",1024,1024,true],"1536x1536":["https:\/\/gruposentsovi.com\/wp-content\/uploads\/2024\/03\/64-min.png",1080,1080,false],"2048x2048":["https:\/\/gruposentsovi.com\/wp-content\/uploads\/2024\/03\/64-min.png",1080,1080,false],"mailpoet_newsletter_max":["https:\/\/gruposentsovi.com\/wp-content\/uploads\/2024\/03\/64-min.png",1080,1080,false],"woocommerce_thumbnail":["https:\/\/gruposentsovi.com\/wp-content\/uploads\/2024\/03\/64-min-200x200.png",200,200,true],"woocommerce_single":["https:\/\/gruposentsovi.com\/wp-content\/uploads\/2024\/03\/64-min-600x600.png",600,600,true],"woocommerce_gallery_thumbnail":["https:\/\/gruposentsovi.com\/wp-content\/uploads\/2024\/03\/64-min-100x100.png",100,100,true]},"uagb_author_info":{"display_name":"noucamp13","author_link":"https:\/\/gruposentsovi.com\/index.php\/author\/"},"uagb_comment_info":0,"uagb_excerpt":"Tama\u00f1os: M\u00f3dulos de 1.15 a 3.40 metros de alto y de 440 mm y 750 mm de ancho. Uso: Almacenamiento. Tipo: Racks de aluminio anodizado. Capacidad: Ilimitada. Aspectos generales: Para los entusiastas que coleccionan vinos, lo ideal es tener una biblioteca de vinos, como la que tienen en los mejores restaurantes. Modulo-X es totalmente personalizable&hellip;","_links":{"self":[{"href":"https:\/\/gruposentsovi.com\/index.php\/wp-json\/wp\/v2\/product\/2568","targetHints":{"allow":["GET"]}}],"collection":[{"href":"https:\/\/gruposentsovi.com\/index.php\/wp-json\/wp\/v2\/product"}],"about":[{"href":"https:\/\/gruposentsovi.com\/index.php\/wp-json\/wp\/v2\/types\/product"}],"wp:featuredmedia":[{"embeddable":true,"href":"https:\/\/gruposentsovi.com\/index.php\/wp-json\/wp\/v2\/media\/2573"}],"wp:attachment":[{"href":"https:\/\/gruposentsovi.com\/index.php\/wp-json\/wp\/v2\/media?parent=2568"}],"wp:term":[{"taxonomy":"product_brand","embeddable":true,"href":"https:\/\/gruposentsovi.com\/index.php\/wp-json\/wp\/v2\/product_brand?post=2568"},{"taxonomy":"product_cat","embeddable":true,"href":"https:\/\/gruposentsovi.com\/index.php\/wp-json\/wp\/v2\/product_cat?post=2568"},{"taxonomy":"product_tag","embeddable":true,"href":"https:\/\/gruposentsovi.com\/index.php\/wp-json\/wp\/v2\/product_tag?post=2568"}],"curies":[{"name":"wp","href":"https:\/\/api.w.org\/{rel}","templated":true}]}}