{"id":2590,"date":"2024-03-24T18:29:57","date_gmt":"2024-03-25T00:29:57","guid":{"rendered":"https:\/\/gruposentsovi.com\/?post_type=product&#038;p=2590"},"modified":"2025-10-03T12:12:21","modified_gmt":"2025-10-03T18:12:21","slug":"modulosteel","status":"publish","type":"product","link":"https:\/\/gruposentsovi.com\/index.php\/producto\/modulosteel\/","title":{"rendered":"Modulosteel"},"content":{"rendered":"<p data-start=\"173\" data-end=\"261\"><strong data-start=\"173\" data-end=\"259\">EuroCave Modulosteel: el sistema modular para crear su propia bodega en Costa Rica<\/strong><\/p>\n<p data-start=\"263\" data-end=\"645\">El <strong data-start=\"266\" data-end=\"290\">EuroCave Modulosteel<\/strong> es la soluci\u00f3n ideal para quienes desean dise\u00f1ar una <strong data-start=\"344\" data-end=\"389\">bodega de vinos personalizada y escalable<\/strong>, con la garant\u00eda y experiencia de la marca l\u00edder en conservaci\u00f3n de vinos a nivel mundial. Fabricado en Francia, este sistema modular ofrece una estructura s\u00f3lida de acero, adaptable a cualquier espacio y pensada para evolucionar junto con su colecci\u00f3n.<\/p>\n<p data-start=\"647\" data-end=\"988\">Con un dise\u00f1o elegante y minimalista, Modulosteel permite <strong data-start=\"705\" data-end=\"756\">organizar botellas de manera segura y eficiente<\/strong>, integr\u00e1ndose perfectamente en casas, restaurantes y hoteles de lujo en Costa Rica. Su flexibilidad lo convierte en la opci\u00f3n favorita de arquitectos, interioristas y coleccionistas que buscan funcionalidad sin sacrificar estilo.<\/p>\n","protected":false},"excerpt":{"rendered":"<p class=\"p1\"><strong><span class=\"s1\">Tama\u00f1os: <\/span><\/strong>M\u00f3dulos de 1.16 a 2.00 metros de alto y de 520 mm y 720 mm de ancho.<\/p>\n<p class=\"p1\"><strong><span class=\"s1\">Uso: <\/span><\/strong>Almacenamiento.<\/p>\n<p class=\"p1\"><strong><span class=\"s1\">Tipo: <\/span><\/strong>Racks en acero, fijos o deslizantes.<\/p>\n<p class=\"p2\"><strong>Capacidad:<\/strong> <span class=\"s2\">Ilimitada.<\/span><\/p>\n<p class=\"p2\"><strong>Aspectos generales:<\/strong><\/p>\n<p class=\"p1\">Infinitamente personalizable y adaptable, Modulosteel est\u00e1 compuesta por m\u00f3dulos de acero independientes que se sujetan entre s\u00ed. Almacenamiento, exhibici\u00f3n inclinada de botellas, almacenamiento de estuches de vino&#8230; la elecci\u00f3n es suya.<\/p>\n","protected":false},"featured_media":2583,"template":"","meta":{"_uag_custom_page_level_css":"","site-sidebar-layout":"default","site-content-layout":"default","ast-site-content-layout":"default","site-content-style":"default","site-sidebar-style":"default","ast-global-header-display":"","ast-banner-title-visibility":"","ast-main-header-display":"","ast-hfb-above-header-display":"","ast-hfb-below-header-display":"","ast-hfb-mobile-header-display":"","site-post-title":"","ast-breadcrumbs-content":"","ast-featured-img":"","footer-sml-layout":"","ast-disable-related-posts":"","theme-transparent-header-meta":"default","adv-header-id-meta":"","stick-header-meta":"","header-above-stick-meta":"","header-main-stick-meta":"","header-below-stick-meta":"","astra-migrate-meta-layouts":"set","ast-page-background-enabled":"default","ast-page-background-meta":{"desktop":{"background-color":"","background-image":"","background-repeat":"repeat","background-position":"center center","background-size":"auto","background-attachment":"scroll","background-type":"","background-media":"","overlay-type":"","overlay-color":"","overlay-opacity":"","overlay-gradient":""},"tablet":{"background-color":"","background-image":"","background-repeat":"repeat","background-position":"center center","background-size":"auto","background-attachment":"scroll","background-type":"","background-media":"","overlay-type":"","overlay-color":"","overlay-opacity":"","overlay-gradient":""},"mobile":{"background-color":"","background-image":"","background-repeat":"repeat","background-position":"center center","background-size":"auto","background-attachment":"scroll","background-type":"","background-media":"","overlay-type":"","overlay-color":"","overlay-opacity":"","overlay-gradient":""}},"ast-content-background-meta":{"desktop":{"background-color":"var(--ast-global-color-5)","background-image":"","background-repeat":"repeat","background-position":"center center","background-size":"auto","background-attachment":"scroll","background-type":"","background-media":"","overlay-type":"","overlay-color":"","overlay-opacity":"","overlay-gradient":""},"tablet":{"background-color":"var(--ast-global-color-5)","background-image":"","background-repeat":"repeat","background-position":"center center","background-size":"auto","background-attachment":"scroll","background-type":"","background-media":"","overlay-type":"","overlay-color":"","overlay-opacity":"","overlay-gradient":""},"mobile":{"background-color":"var(--ast-global-color-5)","background-image":"","background-repeat":"repeat","background-position":"center center","background-size":"auto","background-attachment":"scroll","background-type":"","background-media":"","overlay-type":"","overlay-color":"","overlay-opacity":"","overlay-gradient":""}},"_themeisle_gutenberg_block_has_review":false},"product_brand":[],"product_cat":[40,44,52],"product_tag":[],"class_list":{"0":"post-2590","1":"product","2":"type-product","3":"status-publish","4":"has-post-thumbnail","6":"product_cat-eurocave","7":"product_cat-vinotecas","8":"product_cat-vinotecas-para-estancias","9":"desktop-align-left","10":"tablet-align-left","11":"mobile-align-left","13":"first","14":"instock","15":"shipping-taxable","16":"product-type-simple"},"uagb_featured_image_src":{"full":["https:\/\/gruposentsovi.com\/wp-content\/uploads\/2024\/03\/72-min.png",1080,1080,false],"thumbnail":["https:\/\/gruposentsovi.com\/wp-content\/uploads\/2024\/03\/72-min-150x150.png",150,150,true],"medium":["https:\/\/gruposentsovi.com\/wp-content\/uploads\/2024\/03\/72-min-300x300.png",300,300,true],"medium_large":["https:\/\/gruposentsovi.com\/wp-content\/uploads\/2024\/03\/72-min-768x768.png",768,768,true],"large":["https:\/\/gruposentsovi.com\/wp-content\/uploads\/2024\/03\/72-min-1024x1024.png",1024,1024,true],"1536x1536":["https:\/\/gruposentsovi.com\/wp-content\/uploads\/2024\/03\/72-min.png",1080,1080,false],"2048x2048":["https:\/\/gruposentsovi.com\/wp-content\/uploads\/2024\/03\/72-min.png",1080,1080,false],"mailpoet_newsletter_max":["https:\/\/gruposentsovi.com\/wp-content\/uploads\/2024\/03\/72-min.png",1080,1080,false],"woocommerce_thumbnail":["https:\/\/gruposentsovi.com\/wp-content\/uploads\/2024\/03\/72-min-200x200.png",200,200,true],"woocommerce_single":["https:\/\/gruposentsovi.com\/wp-content\/uploads\/2024\/03\/72-min-600x600.png",600,600,true],"woocommerce_gallery_thumbnail":["https:\/\/gruposentsovi.com\/wp-content\/uploads\/2024\/03\/72-min-100x100.png",100,100,true]},"uagb_author_info":{"display_name":"noucamp13","author_link":"https:\/\/gruposentsovi.com\/index.php\/author\/"},"uagb_comment_info":0,"uagb_excerpt":"Tama\u00f1os: M\u00f3dulos de 1.16 a 2.00 metros de alto y de 520 mm y 720 mm de ancho. Uso: Almacenamiento. Tipo: Racks en acero, fijos o deslizantes. Capacidad: Ilimitada. Aspectos generales: Infinitamente personalizable y adaptable, Modulosteel est\u00e1 compuesta por m\u00f3dulos de acero independientes que se sujetan entre s\u00ed. Almacenamiento, exhibici\u00f3n inclinada de botellas, almacenamiento de&hellip;","_links":{"self":[{"href":"https:\/\/gruposentsovi.com\/index.php\/wp-json\/wp\/v2\/product\/2590","targetHints":{"allow":["GET"]}}],"collection":[{"href":"https:\/\/gruposentsovi.com\/index.php\/wp-json\/wp\/v2\/product"}],"about":[{"href":"https:\/\/gruposentsovi.com\/index.php\/wp-json\/wp\/v2\/types\/product"}],"wp:featuredmedia":[{"embeddable":true,"href":"https:\/\/gruposentsovi.com\/index.php\/wp-json\/wp\/v2\/media\/2583"}],"wp:attachment":[{"href":"https:\/\/gruposentsovi.com\/index.php\/wp-json\/wp\/v2\/media?parent=2590"}],"wp:term":[{"taxonomy":"product_brand","embeddable":true,"href":"https:\/\/gruposentsovi.com\/index.php\/wp-json\/wp\/v2\/product_brand?post=2590"},{"taxonomy":"product_cat","embeddable":true,"href":"https:\/\/gruposentsovi.com\/index.php\/wp-json\/wp\/v2\/product_cat?post=2590"},{"taxonomy":"product_tag","embeddable":true,"href":"https:\/\/gruposentsovi.com\/index.php\/wp-json\/wp\/v2\/product_tag?post=2590"}],"curies":[{"name":"wp","href":"https:\/\/api.w.org\/{rel}","templated":true}]}}